{"id":15916,"date":"2023-07-01T06:00:00","date_gmt":"2023-07-01T04:00:00","guid":{"rendered":"https:\/\/augenklinik-bern.ch\/?post_type=team&#038;p=15916"},"modified":"2024-07-23T10:06:15","modified_gmt":"2024-07-23T08:06:15","slug":"j-spindler","status":"publish","type":"team","link":"https:\/\/augenklinik-bern.ch\/fr\/team\/j-spindler\/","title":{"rendered":"J. Spindler"},"content":{"rendered":"\n<h3 class=\"wp-block-heading\">SP\u00c9CIALISATION<\/h3>\n\n\n\n<p>Ophtalmologie g\u00e9n\u00e9rale<\/p>\n\n\n\n<h3 class=\"wp-block-heading\">BIOGRAPHIE<\/h3>\n\n\n\n<p>Jan Spindler a grandi dans les Grisons et a fait ses \u00e9tudes de m\u00e9decine aux universit\u00e9s de Fribourg et de Berne. Apr\u00e8s l&rsquo;obtention de son dipl\u00f4me en 2017, il a effectu\u00e9 sept mois de recherche aupr\u00e8s du professeur J. G. Garweg et r\u00e9dig\u00e9 sa th\u00e8se. Il a ensuite travaill\u00e9 pendant plus de deux ans \u00e0 la clinique de chirurgie g\u00e9n\u00e9rale, visc\u00e9rale, endocrinienne et de transplantation de l&rsquo;h\u00f4pital cantonal de Saint-Gall et Rorschach, sous la direction du professeur Bruno Schmied. Il a commenc\u00e9 sa formation sp\u00e9cifique d&rsquo;ophtalmologue \u00e0 la clinique ophtalmologique de l&rsquo;H\u00f4pital universitaire de Zurich aupr\u00e8s du Prof. Barthelmes, o\u00f9 il a travaill\u00e9 pendant trois ans. Depuis juillet 2023, Jan Spindler fait partie de l&rsquo;\u00e9quipe de la clinique ophtalmologie de Berne.<\/p>\n\n\n\n<h3 class=\"wp-block-heading\">Contact<\/h3>\n","protected":false},"featured_media":17067,"template":"","mitarbeiter_kategorie":[27],"class_list":["post-15916","team","type-team","status-publish","has-post-thumbnail","hentry","mitarbeiter_kategorie-medecins"],"acf":[],"_links":{"self":[{"href":"https:\/\/augenklinik-bern.ch\/fr\/wp-json\/wp\/v2\/team\/15916","targetHints":{"allow":["GET"]}}],"collection":[{"href":"https:\/\/augenklinik-bern.ch\/fr\/wp-json\/wp\/v2\/team"}],"about":[{"href":"https:\/\/augenklinik-bern.ch\/fr\/wp-json\/wp\/v2\/types\/team"}],"wp:featuredmedia":[{"embeddable":true,"href":"https:\/\/augenklinik-bern.ch\/fr\/wp-json\/wp\/v2\/media\/17067"}],"wp:attachment":[{"href":"https:\/\/augenklinik-bern.ch\/fr\/wp-json\/wp\/v2\/media?parent=15916"}],"wp:term":[{"taxonomy":"mitarbeiter_kategorie","embeddable":true,"href":"https:\/\/augenklinik-bern.ch\/fr\/wp-json\/wp\/v2\/mitarbeiter_kategorie?post=15916"}],"curies":[{"name":"wp","href":"https:\/\/api.w.org\/{rel}","templated":true}]}}

<h3 class="wp-block-heading">SPÉCIALISATION</h3>



<p>Ophtalmologie générale</p>



<h3 class="wp-block-heading">BIOGRAPHIE</h3>



<p>Jan Spindler a grandi dans les Grisons et a fait ses études de médecine aux universités de Fribourg et de Berne. Après l&rsquo;obtention de son diplôme en 2017, il a effectué sept mois de recherche auprès du professeur J. G. Garweg et rédigé sa thèse. Il a ensuite travaillé pendant plus de deux ans à la clinique de chirurgie générale, viscérale, endocrinienne et de transplantation de l&rsquo;hôpital cantonal de Saint-Gall et Rorschach, sous la direction du professeur Bruno Schmied. Il a commencé sa formation spécifique d&rsquo;ophtalmologue à la clinique ophtalmologique de l&rsquo;Hôpital universitaire de Zurich auprès du Prof. Barthelmes, où il a travaillé pendant trois ans. Depuis juillet 2023, Jan Spindler fait partie de l&rsquo;équipe de la clinique ophtalmologie de Berne.</p>



<h3 class="wp-block-heading">Contact</h3>
