{"id":12624,"date":"2023-01-01T07:00:00","date_gmt":"2023-01-01T05:00:00","guid":{"rendered":"https:\/\/augenklinik-bern.ch\/?post_type=team&#038;p=12624"},"modified":"2026-02-11T11:46:39","modified_gmt":"2026-02-11T09:46:39","slug":"m-feil","status":"publish","type":"team","link":"https:\/\/augenklinik-bern.ch\/fr\/team\/m-feil\/","title":{"rendered":"M. Feil"},"content":{"rendered":"\n<h3 class=\"wp-block-heading\">SP\u00c9CIALISATION<\/h3>\n\n\n\n<ul class=\"wp-block-list\">\n<li>Ophtalmologie g\u00e9n\u00e9rale<\/li>\n\n\n\n<li>Th\u00e9rapie r\u00e9tinienne et maculaire<\/li>\n\n\n\n<li>Neuro-ophtalmologie<\/li>\n\n\n\n<li>Strabisme<\/li>\n<\/ul>\n\n\n\n<h3 class=\"wp-block-heading\">BIOGRAPHIE<\/h3>\n\n\n\n<p>Moritz Feil a grandi en Suisse orientale et a termin\u00e9 ses \u00e9tudes de m\u00e9decine \u00e0 Berne en 2015. Il a ensuite effectu\u00e9 une ann\u00e9e de recherche sous la direction du professeur Dr. Dr. Mathias Abegg \u00e0 l&rsquo;H\u00f4pital de l&rsquo;\u00cele de Berne, en se concentrant sur les mouvements oculaires, o\u00f9 il a obtenu son doctorat. Il a ensuite suivi une formation sp\u00e9cifique d&rsquo;ophtalmologue \u00e0 l&rsquo;H\u00f4pital de l&rsquo;\u00cele de Berne et \u00e0 l&rsquo;H\u00f4pital cantonal de Saint-Gall. Il a pass\u00e9 l&rsquo;examen de sp\u00e9cialisation en 2020. Apr\u00e8s une bourse clinique d&rsquo;un an dans le domaine de la neuro-ophtalmologie \u00e0 l&rsquo;Universit\u00e9 de Colombie-Britannique, le Dr Feil a rejoint l&rsquo;\u00e9quipe de la clinique ophtalmologique de Berne en janvier 2023. Dr. Feil a effectu\u00e9 sa formation de m\u00e9decin sp\u00e9cialiste en chirurgie ophtalmologique sous la direction du Prof. Garweg et a obtenu sa certification avec succ\u00e8s en janvier 2026.<\/p>\n\n\n\n<h3 class=\"wp-block-heading\">CONTACT<\/h3>\n","protected":false},"featured_media":15269,"template":"","mitarbeiter_kategorie":[27],"class_list":["post-12624","team","type-team","status-publish","has-post-thumbnail","hentry","mitarbeiter_kategorie-medecins"],"acf":[],"_links":{"self":[{"href":"https:\/\/augenklinik-bern.ch\/fr\/wp-json\/wp\/v2\/team\/12624","targetHints":{"allow":["GET"]}}],"collection":[{"href":"https:\/\/augenklinik-bern.ch\/fr\/wp-json\/wp\/v2\/team"}],"about":[{"href":"https:\/\/augenklinik-bern.ch\/fr\/wp-json\/wp\/v2\/types\/team"}],"wp:featuredmedia":[{"embeddable":true,"href":"https:\/\/augenklinik-bern.ch\/fr\/wp-json\/wp\/v2\/media\/15269"}],"wp:attachment":[{"href":"https:\/\/augenklinik-bern.ch\/fr\/wp-json\/wp\/v2\/media?parent=12624"}],"wp:term":[{"taxonomy":"mitarbeiter_kategorie","embeddable":true,"href":"https:\/\/augenklinik-bern.ch\/fr\/wp-json\/wp\/v2\/mitarbeiter_kategorie?post=12624"}],"curies":[{"name":"wp","href":"https:\/\/api.w.org\/{rel}","templated":true}]}}

<h3 class="wp-block-heading">SPÉCIALISATION</h3>



<ul class="wp-block-list">
<li>Ophtalmologie générale</li>



<li>Thérapie rétinienne et maculaire</li>



<li>Neuro-ophtalmologie</li>



<li>Strabisme</li>
</ul>



<h3 class="wp-block-heading">BIOGRAPHIE</h3>



<p>Moritz Feil a grandi en Suisse orientale et a terminé ses études de médecine à Berne en 2015. Il a ensuite effectué une année de recherche sous la direction du professeur Dr. Dr. Mathias Abegg à l&rsquo;Hôpital de l&rsquo;Île de Berne, en se concentrant sur les mouvements oculaires, où il a obtenu son doctorat. Il a ensuite suivi une formation spécifique d&rsquo;ophtalmologue à l&rsquo;Hôpital de l&rsquo;Île de Berne et à l&rsquo;Hôpital cantonal de Saint-Gall. Il a passé l&rsquo;examen de spécialisation en 2020. Après une bourse clinique d&rsquo;un an dans le domaine de la neuro-ophtalmologie à l&rsquo;Université de Colombie-Britannique, le Dr Feil a rejoint l&rsquo;équipe de la clinique ophtalmologique de Berne en janvier 2023. Dr. Feil a effectué sa formation de médecin spécialiste en chirurgie ophtalmologique sous la direction du Prof. Garweg et a obtenu sa certification avec succès en janvier 2026.</p>



<h3 class="wp-block-heading">CONTACT</h3>
