{"id":7811,"date":"2020-04-30T14:30:15","date_gmt":"2020-04-30T12:30:20","guid":{"rendered":"https:\/\/augenklinik-bern.ch\/?page_id=7811"},"modified":"2024-11-01T08:27:48","modified_gmt":"2024-11-01T06:27:48","slug":"patients","status":"publish","type":"page","link":"https:\/\/augenklinik-bern.ch\/fr\/patients\/","title":{"rendered":"Patients"},"content":{"rendered":"\n<p>Dans le cadre d\u2019un traitement, on vous donnera naturellement des informations pr\u00e9cises concernant votre situation individuelle. <\/p>\n\n\n\n<p>Nous vous remercions d\u2019avance pour les suggestions, compl\u00e9ments, commentaires et propositions que vous nous ferez parvenir pour am\u00e9liorer notre page d\u2019accueil.<\/p>\n\n\n\n<p>Nous nous sommes limit\u00e9s \u00e0 des informations g\u00e9n\u00e9rales et esp\u00e9rons que vous trouvez celles-ci compr\u00e9hensibles.<\/p>\n\n\n\t<div class=\"grid-x grid-margin-x grid-padding-x block-bild-text le medium-margin-collapse\">\n\t  <div class=\"cell medium-4 large-4\">\n\t  \t\t\t\t\t\t\t\t\t\t<div class=\"singleImg\">\n\t\t\t\t\t\t<img decoding=\"async\" alt=\"\" title=\"\" class=\"bt-img\" src=\"https:\/\/augenklinik-bern.ch\/wp-content\/uploads\/socialmedia-300x300.jpg\" \/>\n\t\t\t\t\t\t<div class=\"singleImgCaption\"><\/div>\n\t\t\t\t\t<\/div>\n\t\t\t\t\t\t\t\t\n\t  \n\t  <\/div>\n\t  <div class=\"cell medium-8 large-8\"><h2><b class=\"b5\">Restez<\/b><b class=\"b4\"> i<\/b><b class=\"b3\">nform\u00e9<\/b><\/h2>\n<p><strong>Instagram News:<\/strong><br \/>\n<a href=\"https:\/\/instagram.com\/berner__augenklinik\/\" target=\"_blank\" rel=\"noopener\">instagram.com\/berner__augenklinik<\/a><\/p>\n<p><strong>Linkedin:<\/strong><br \/>\n<a href=\"https:\/\/linkedin.com\/company\/berner-augenklinik\" target=\"_blank\" rel=\"noopener\">linkedin.com\/company\/berner-augenklinik<\/a><\/p>\n<p><!--<strong>M\u00e9decin sp\u00e9cialiste en ophtalmologie ou quasi-sp\u00e9cialiste en ophtalmologie pour notre site \u00e0 Bienne (60 - 100%)<\/strong>\n<a href=\"https:\/\/augenklinik-bern.ch\/fr\/actualites\/postes-vacants\/medecin-specialiste\/\">plus d\u2019informations<\/a>--><\/p>\n<\/div>\n\t<\/div>\n","protected":false},"excerpt":{"rendered":"<p>Dans le cadre d\u2019un traitement, on vous donnera naturellement des informations pr\u00e9cises concernant votre situation individuelle. Nous vous remercions d\u2019avance pour les suggestions, compl\u00e9ments, commentaires et propositions que vous nous ferez parvenir pour am\u00e9liorer notre page d\u2019accueil. Nous nous sommes limit\u00e9s \u00e0 des informations g\u00e9n\u00e9rales et esp\u00e9rons que vous trouvez celles-ci compr\u00e9hensibles.<\/p>\n","protected":false},"author":2,"featured_media":15392,"parent":0,"menu_order":7,"comment_status":"closed","ping_status":"closed","template":"","meta":{"_acf_changed":false,"footnotes":""},"class_list":["post-7811","page","type-page","status-publish","has-post-thumbnail","hentry"],"acf":[],"_links":{"self":[{"href":"https:\/\/augenklinik-bern.ch\/fr\/wp-json\/wp\/v2\/pages\/7811","targetHints":{"allow":["GET"]}}],"collection":[{"href":"https:\/\/augenklinik-bern.ch\/fr\/wp-json\/wp\/v2\/pages"}],"about":[{"href":"https:\/\/augenklinik-bern.ch\/fr\/wp-json\/wp\/v2\/types\/page"}],"author":[{"embeddable":true,"href":"https:\/\/augenklinik-bern.ch\/fr\/wp-json\/wp\/v2\/users\/2"}],"replies":[{"embeddable":true,"href":"https:\/\/augenklinik-bern.ch\/fr\/wp-json\/wp\/v2\/comments?post=7811"}],"version-history":[{"count":7,"href":"https:\/\/augenklinik-bern.ch\/fr\/wp-json\/wp\/v2\/pages\/7811\/revisions"}],"predecessor-version":[{"id":17989,"href":"https:\/\/augenklinik-bern.ch\/fr\/wp-json\/wp\/v2\/pages\/7811\/revisions\/17989"}],"wp:featuredmedia":[{"embeddable":true,"href":"https:\/\/augenklinik-bern.ch\/fr\/wp-json\/wp\/v2\/media\/15392"}],"wp:attachment":[{"href":"https:\/\/augenklinik-bern.ch\/fr\/wp-json\/wp\/v2\/media?parent=7811"}],"curies":[{"name":"wp","href":"https:\/\/api.w.org\/{rel}","templated":true}]}}

<p>Dans le cadre d’un traitement, on vous donnera naturellement des informations précises concernant votre situation individuelle. </p>



<p>Nous vous remercions d’avance pour les suggestions, compléments, commentaires et propositions que vous nous ferez parvenir pour améliorer notre page d’accueil.</p>



<p>Nous nous sommes limités à des informations générales et espérons que vous trouvez celles-ci compréhensibles.</p>


	<div class="grid-x grid-margin-x grid-padding-x block-bild-text le medium-margin-collapse">
	  <div class="cell medium-4 large-4">
	  										<div class="singleImg">
						<img decoding="async" alt="" title="" class="bt-img" src="https://augenklinik-bern.ch/wp-content/uploads/socialmedia-300x300.jpg" />
						<div class="singleImgCaption"></div>
					</div>
								
	  
	  </div>
	  <div class="cell medium-8 large-8"><h2><b class="b5">Restez</b><b class="b4"> i</b><b class="b3">nformé</b></h2>
<p><strong>Instagram News:</strong><br />
<a href="https://instagram.com/berner__augenklinik/" target="_blank" rel="noopener">instagram.com/berner__augenklinik</a></p>
<p><strong>Linkedin:</strong><br />
<a href="https://linkedin.com/company/berner-augenklinik" target="_blank" rel="noopener">linkedin.com/company/berner-augenklinik</a></p>
<p><!--<strong>Médecin spécialiste en ophtalmologie ou quasi-spécialiste en ophtalmologie pour notre site à Bienne (60 - 100%)</strong>
<a href="https://augenklinik-bern.ch/fr/actualites/postes-vacants/medecin-specialiste/">plus d’informations</a>--></p>
</div>
	</div>

<p>Dans le cadre d’un traitement, on vous donnera naturellement des informations précises concernant votre situation individuelle. Nous vous remercions d’avance pour les suggestions, compléments, commentaires et propositions que vous nous ferez parvenir pour améliorer notre page d’accueil. Nous nous sommes limités à des informations générales et espérons que vous trouvez celles-ci compréhensibles.</p>
