{"id":10907,"date":"2019-11-05T13:40:15","date_gmt":"2019-11-05T11:40:43","guid":{"rendered":"https:\/\/augenklinik-bern.ch\/actualites\/offene-stellen\/"},"modified":"2023-01-19T12:19:04","modified_gmt":"2023-01-19T10:19:04","slug":"postes-vacants","status":"publish","type":"page","link":"https:\/\/augenklinik-bern.ch\/fr\/actualites\/postes-vacants\/","title":{"rendered":"Postes vacants"},"content":{"rendered":"\t<div class=\"grid-x grid-margin-x grid-padding-x block-bild-text le medium-margin-collapse\">\n\t  <div class=\"cell medium-4 large-4\">\n\t  \t\t\t\t\t\t\t\t\t\t<div class=\"singleImg\">\n\t\t\t\t\t\t<img decoding=\"async\" alt=\"\" title=\"\" class=\"bt-img\" src=\"https:\/\/augenklinik-bern.ch\/wp-content\/uploads\/BeAugenklinik16-300x300.jpg\" \/>\n\t\t\t\t\t\t<div class=\"singleImgCaption\"><\/div>\n\t\t\t\t\t<\/div>\n\t\t\t\t\t\t\t\t\n\t  \n\t  <\/div>\n\t  <div class=\"cell medium-8 large-8\"><p>Aucun poste n&rsquo;est disponible pour l&rsquo;instant<br \/>\n<!--<strong>M\u00e9decin sp\u00e9cialiste en ophtalmologie ou quasi-sp\u00e9cialiste en ophtalmologie pour notre site \u00e0 Bienne<\/strong>\n<a href=\"https:\/\/augenklinik-bern.ch\/fr\/actualites\/postes-vacants\/medecin-specialiste\/\">plus d'informations<\/a>--><\/p>\n<\/div>\n\t<\/div>\n","protected":false},"excerpt":{"rendered":"","protected":false},"author":2,"featured_media":0,"parent":7908,"menu_order":2,"comment_status":"closed","ping_status":"closed","template":"","meta":{"_acf_changed":false,"footnotes":""},"class_list":["post-10907","page","type-page","status-publish","hentry"],"acf":[],"_links":{"self":[{"href":"https:\/\/augenklinik-bern.ch\/fr\/wp-json\/wp\/v2\/pages\/10907","targetHints":{"allow":["GET"]}}],"collection":[{"href":"https:\/\/augenklinik-bern.ch\/fr\/wp-json\/wp\/v2\/pages"}],"about":[{"href":"https:\/\/augenklinik-bern.ch\/fr\/wp-json\/wp\/v2\/types\/page"}],"author":[{"embeddable":true,"href":"https:\/\/augenklinik-bern.ch\/fr\/wp-json\/wp\/v2\/users\/2"}],"replies":[{"embeddable":true,"href":"https:\/\/augenklinik-bern.ch\/fr\/wp-json\/wp\/v2\/comments?post=10907"}],"version-history":[{"count":13,"href":"https:\/\/augenklinik-bern.ch\/fr\/wp-json\/wp\/v2\/pages\/10907\/revisions"}],"predecessor-version":[{"id":12644,"href":"https:\/\/augenklinik-bern.ch\/fr\/wp-json\/wp\/v2\/pages\/10907\/revisions\/12644"}],"up":[{"embeddable":true,"href":"https:\/\/augenklinik-bern.ch\/fr\/wp-json\/wp\/v2\/pages\/7908"}],"wp:attachment":[{"href":"https:\/\/augenklinik-bern.ch\/fr\/wp-json\/wp\/v2\/media?parent=10907"}],"curies":[{"name":"wp","href":"https:\/\/api.w.org\/{rel}","templated":true}]}}

<div class="grid-x grid-margin-x grid-padding-x block-bild-text le medium-margin-collapse">
	  <div class="cell medium-4 large-4">
	  										<div class="singleImg">
						<img decoding="async" alt="" title="" class="bt-img" src="https://augenklinik-bern.ch/wp-content/uploads/BeAugenklinik16-300x300.jpg" />
						<div class="singleImgCaption"></div>
					</div>
								
	  
	  </div>
	  <div class="cell medium-8 large-8"><p>Aucun poste n&rsquo;est disponible pour l&rsquo;instant<br />
<!--<strong>Médecin spécialiste en ophtalmologie ou quasi-spécialiste en ophtalmologie pour notre site à Bienne</strong>
<a href="https://augenklinik-bern.ch/fr/actualites/postes-vacants/medecin-specialiste/">plus d'informations</a>--></p>
</div>
	</div>
